x(b) = -7*b**3 + b**2 - 4*b + 4. Let j(m) = -5*r(m) - x(m). Give j(1).
6
Let z(b) = 4*b**3 - 2*b + 2. Let n be (16/40)/((-1)/15). Let l(x) = -5*x**3 + x**2 + 2*x - 3. Let t(v) = n*z(v) - 5*l(v). What is t(4)?
-5
Let u(l) = l**3 + 2*l**2 - l - 2. Let g = -2 - -2. Let w = -3 + g. Calculate u(w).
-8
Let p(k) be the second derivative of -1/6*k**3 - 8*k + 1/12*k**4 + 0 + 4*k**2. What is p(0)?
8
Let r(m) = -9*m**2 + 6*m + 11 + 5*m + 5*m**3 - 8*m**3 - 2*m**3. Let t(a) = a**3 + 2*a**2 - 2*a - 2. Let x(v) = 2*r(v) + 11*t(v). Give x(-2).
8
Let a = -18 - -17. Let x(b) = -2*b - 1. Give x(a).
1
Let w(a) be the second derivative of a**6/40 - a**5/60 - a**4/24 - a**3/6 - 3*a**2/2 - a. Let d(h) be the first derivative of w(h). Determine d(-1).
-4
Let n(r) be the third derivative of r**6/120 - r**5/60 + r**4/12 - r**3/6 - r**2. Let m = 20 - 19. Determine n(m).
1
Suppose -10 = -5*g + b, 1 + 1 = g + 3*b. Let o(v) = -g*v - v**2 + 2 + 5*v - 6 + 2*v. Calculate o(4).
0
Let r(s) = -7*s**2 - 4*s + 7. Let q(x) = -13*x**2 - 7*x + 13. Let d(l) = -6*q(l) + 11*r(l). Determine d(3).
2
Suppose 6 = -5*p + 2*p. Let w(u) = -7*u**2 - 10*u - 3. Let m be (-41)/(-3) + 6/(-9). Let k(r) = -15*r**2 - 21*r - 6. Let i(o) = m*w(o) - 6*k(o). What is i(p)?
1
Let f = -12 + 14. Let w(j) be the first derivative of -j**3/3 + 3*j**2/2 - 3*j - 2. Give w(f).
-1
Let t(h) = -2*h**2 + 6*h**2 + h**2 - 4*h**2 - 7*h + 3. What is t(7)?
3
Let r(q) = q**3 - 6*q**2 + 3. Let x be r(6). Let i(m) be the first derivative of 0*m + 11 + 2*m**2 - 2/3*m**3. Give i(x).
-6
Let p = 23 - 26. Let t(i) = i**3 - 4*i - 3. Determine t(p).
-18
Suppose 6 = 2*h + p, 0 = h - p - 3*p - 12. Let f(n) be the third derivative of -n**5/60 + 5*n**4/24 + n**3/6 + 2*n**2. Calculate f(h).
5
Let c(j) be the first derivative of -j**4/4 - j**3 - j**2/2 - 4*j + 2. Let v be -2*3/2*1. Let w be 2/(v/9*2). Determine c(w).
-1
Let d(o) = -11*o**2 - 8*o + 14. Let s(b) = -b**3 - 6*b**2 + 6*b - 4. Let m be s(-7). Let n(q) = 4*q**2 + 3*q - 5. Let g(y) = m*d(y) + 8*n(y). Calculate g(2).
-2
Let l(j) = j - 4. Let d be l(2). Suppose -3*b - 4*c = -1 + 14, -2*b + 3 = 5*c. Let r(f) = 2*f + 2. Let m(i) = -i - 1. Let w(x) = b*m(x) - 4*r(x). Give w(d).
-3
Let v(t) be the second derivative of 2*t + 5/6*t**3 + 1/12*t**4 + 0 + 0*t**2. Let u = -11 - -7. Determine v(u).
-4
Let x(c) = -2 - 4859*c + 4866*c + 9 - c**2. Determine x(6).
13
Let p(a) = -a + 10. Let b be (-2)/(-7) - (-94)/14. Determine p(b).
3
Let r(m) = 2*m - 1. Let q = 41 - 37. Calculate r(q).
7
Suppose 0*z + 16 = 4*z. Let k(f) = -4*f**2 + 6*f - 1. Let a(w) = w**2 - w. Let i(j) = -3*a(j) - k(j). What is i(z)?
5
Let a(l) = -l**3 - 5*l**2 + 2*l + 7. Suppose f + 9 = 3. Let y be f/9 - (-26)/(-6). Give a(y).
-3
Let n(u) = -6*u**2 + 8 - 6*u + 8 - 9*u**3 + 10*u**3 - 8. Give n(7).
15
Let p(x) = 2*x - 1. Let a be (0 - -1) + -2 + 4. Let w be 4 - a/3*2. Let c(o) = o**3 - 3*o**2 + 2*o + 2. Let y be c(w). Give p(y).
3
Let m(i) = 6*i**2 - 4*i**2 + 4*i**3 + 2*i**2. Let c(w) = -w**3 - w**2 - w + 1. Let v(u) = 3*c(u) + m(u). Let f = -8 - -5. Determine v(f).
-6
Let j(f) be the third derivative of -f**5/60 + f**4/24 + f**3/6 + f**2. Suppose 0 = -x + 3. Give j(x).
-5
Let f(c) = -3*c + 2. Let t(x) = -2*x + 1. Let s(r) = -3*f(r) + 5*t(r). Suppose 4*q - 6 = 10. Let b be 0 + (1 - q) + 1. Calculate s(b).
1
Let i = 85 + -80. Let m(w) = w**3 - 4*w**2 - 5*w - 4. Give m(i).
-4
Let l(b) = b + 1. Let x = -3 + 6. Let o(i) = -x + 5*i - 1 + i**2 + 5 + 2. Let w be o(-3). Give l(w).
-2
Let y(f) = f - 1. Suppose 5*q - 2*q - 3*v - 60 = 0, -28 = -3*q - 5*v. Suppose -n - 3*n = -q. What is y(n)?
3
Let x(k) be the third derivative of -k**5/60 - 5*k**4/24 - k**3 + k**2. Let g = -30 + 30. Let l be (g + -2 + 1)*4. What is x(l)?
-2
Let o(h) be the first derivative of -h**2/2 - 4. Let c be o(-4). Let d be -6*5/(30/c). Let y(r) = r + 6. Determine y(d).
2
Let n be (-4)/(-16) - 27/(-4). Let o = -3 + n. Let i(x) = -o*x - 35 + 35 + 5*x. Determine i(-4).
-4
Let z(r) = 6*r**2 - 7*r**2 - 1 - 2 + 3*r. Let f = 4 + -2. Give z(f).
-1
Let v(i) = 0*i**2 + 8*i - i + 5 + 0 - i**2. Let u(d) = d. Let p(j) = -6*u(j) + v(j). Give p(4).
-7
Let m(z) = -5*z**3. Let v be m(-1). Let h(y) = -v*y + 2*y + 5 + y. Suppose 0 = -5*c + 30 - 5. What is h(c)?
-5
Let j(g) = -2*g**2 + 6*g. Let d be (-8)/(6/(-27)*3). Let v = d - 8. What is j(v)?
-8
Let g(i) = 2*i**3 - 2*i**2. Let l = 5 + 1. Let h be ((-2)/(-3))/(l/9). Suppose 3*z - h - 5 = -3*p, 5*p + z - 10 = 0. What is g(p)?
8
Let l(o) = o**3 + 10*o**2 + 11*o + 13. Let n be l(-9). Let d(r) = r**2 + 5*r + 5. Calculate d(n).
5
Let v(y) = -y**2 - 6*y - 7. Let n be v(-5). Let r(s) = s**2 - 2*s - 2. Determine r(n).
6
Let z be 0 - -1 - (-2 - 0). Suppose 2*v = 4, -3*v - 10 = -3*o + 5. Let u(y) = -o + 0*y + 0*y + 0*y + y. Give u(z).
-4
Let m = 20 + -12. Let n(o) = o - 9. Let q be n(5). Let k be (-2)/m - (-11)/q. Let s(f) = -f + 4. What is s(k)?
7
Suppose 2*b - 2 - 2 = 0. Suppose 1 = g + 2*j - 3*j, 0 = -g + 5*j - 19. Let i(a) = g*a**3 + 6 - 4*a**3 - 3*a**3 + 2*a**b - 6*a**2 + 8*a. Give i(-5).
-9
Let s(p) = -8*p**2 + 9*p. Let j(g) = g**2 - g. Let o(t) = 18*j(t) + 2*s(t). What is o(2)?
8
Let a(f) = f**3 + 3*f**2 + 2*f. Let s = 2 - 2. Suppose 3*m + s*m = 9. Suppose -j + 3 = m*l, 2*j + l = -4*l + 4. What is a(j)?
-6
Let p(h) = -13 + 14 - 3 - 3*h. What is p(-3)?
7
Let i(u) be the second derivative of -u**3/6 + 4*u**2 + u. Let o = 28 + -22. Give i(o).
2
Let z(y) = -y**2 + 6*y - 2. Let o = -42 + 48. Calculate z(o).
-2
Let f(s) be the first derivative of -4*s - 2*s**2 - 4 - 1/3*s**3. Let r be f(-3). Let y(h) = 4*h. What is y(r)?
-4
Let w be (-4)/(-14) - (-378)/49. Let o(y) = -y + 3. Let b be o(w). Let r(a) = -a**3 - 5*a**2 - 2*a - 4. Give r(b).
6
Suppose -4*n - 2*w - 5 = -w, -3*n - 2*w - 5 = 0. Let o be (n/2)/((-12)/(-96)). Let r(x) = -x**3 - 4*x**2 + 2*x + 6. Determine r(o).
-2
Let b(c) be the second derivative of -3/2*c**2 + 0 + 1/6*c**3 + c. Let p = 5 + -5. Give b(p).
-3
Let c(n) = 2*n**2 + 3. Let k be ((-18)/15)/((16/10)/4). Give c(k).
21
Let u(g) = g + 14. Suppose -2*a - 5*a - 77 = 0. Let w be u(a). Let n(b) = -b**3 + 4*b**2 - 4*b + 4. What is n(w)?
1
Let f(b) = b - 2. Let z(a) = -a**2 - 2*a + 5. Let g(k) = -f(k) - z(k). Let m(y) = -y**2 + y + 4. Let l be m(0). Suppose -l*h + h = 0. Determine g(h).
-3
Let a(h) be the second derivative of -h**4/12 + h**3 - 3*h**2/2 - 15*h. Give a(5).
2
Suppose -3*t = -5*v - 4, 0*v + 3*t = -3*v + 12. Let x(a) = -1. Let n(b) = b. Let q = 3 - 5. Let r(c) = q*n(c) + v*x(c). Give r(2).
-5
Let v(z) = z**3 - 2*z**2 - 5*z - 2. Let w(n) = n**2 + n + 1. Let o(f) = v(f) + 4*w(f). What is o(-3)?
-4
Let q(m) = m**2 - 6*m. Suppose 80*d = 82*d - 6. What is q(d)?
-9
Let h(l) = l**2 + l - 2. Let q(m) = -2*m**3 + 5 + 3*m**3 + 9*m**2 + m + 2. Let t be q(-9). Determine h(t).
0
Let a(q) = -q**3 + 5*q**2 - 3*q - 2. Let x be a(4). Suppose 5*y - 3*m - 7 = 15, -5*m = 5*y + 10. Let b(s) = 2*s + 2 - 2*s**2 + 0 + 0*s**y. Determine b(x).
-2
Let k be 2*3/6*-1. Let f(m) = -2*m**2 - 8*m + 6. Let h(w) = w**2. Let d(n) = k*f(n) - 3*h(n). Suppose 4*q = 87 - 63. Determine d(q).
6
Suppose -3*p + 5*g = -p - 31, -p + 11 = -g. Let z(d) = d**2 - 7*d - 4. Give z(p).
4
Suppose 3*v - 17 = -r, -10 = 5*v - 35. Suppose -r*l + 2 = -l. Let k be (-1)/((-6 - -3) + l). Let o(z) = -5*z**3 + 1. Calculate o(k).
-4
Let y(w) be the second derivative of 2/3*w**3 - 5/2*w**2 + 5*w + 0 + 1/12*w**4. What is y(-5)?
0
Let l(j) = -j**2 - 3*j. Suppose 9 = 5*q - 1. Let g(w) = 2*w**2 + 4*w + 1. Let k(v) = q*g(v) + 3*l(v). Determine k(3).
8
Let r(h) = 109 + h - 242 + 0*h + 117. Calculate r(14).
-2
Let i(s) = -s**3 + 2*s**2 + 4*s - 1. Let h be i(3). Let w(r) = h + r - 4*r**3 - 10 + 3*r**3. Let m be (-6)/33 - (-14)/77. Determine w(m).
-8
Let b(m) be the third derivative of -m**5/20 + m**4/12 - m**3/3 + m**2. Suppose f + 5*c = -23, -10*f + 9*f = -3*c - 17. Give b(f).
-10
Let s(q) be the second derivative of -2*q + 0*q**3 + 1/3*q**4 - 1/720*q**6 + 1/60*q**5 + 0*q**2 + 0. Let i(x) be the third derivative of s(x). Give i(2).
0
Let u = -3 - -5. Let k(m) = -m**2 + 2*m - 92 + 93 + m. Calculate k(u).
3
Let q(x) be the third derivative of x**4/12 + 10*x**3/3 + 5*x**2. Let t(b) = -1. Let o(s) = -q(s) - 12*t(s). What is o(-6)?
4
Let k(q) = -q**2 - 4*q + 3. Let t be k(-4). Let d(z) = -1 + 0 